{"id":50,"date":"2019-01-13T18:19:17","date_gmt":"2019-01-13T17:19:17","guid":{"rendered":"https:\/\/www.heimatverein-sachsenhagen.de\/wordpress\/?page_id=50"},"modified":"2020-04-11T16:48:30","modified_gmt":"2020-04-11T14:48:30","slug":"lager-archiv","status":"publish","type":"page","link":"https:\/\/www.heimatverein-sachsenhagen.de\/wordpress\/index.php\/lager-archiv\/","title":{"rendered":"Lager\/Archiv"},"content":{"rendered":"\t\t<div data-elementor-type=\"wp-page\" data-elementor-id=\"50\" class=\"elementor elementor-50\">\n\t\t\t\t\t\t<section class=\"elementor-section elementor-top-section elementor-element elementor-element-8cfc55d elementor-section-boxed elementor-section-height-default elementor-section-height-default\" data-id=\"8cfc55d\" data-element_type=\"section\" data-e-type=\"section\">\n\t\t\t\t\t\t<div class=\"elementor-container elementor-column-gap-default\">\n\t\t\t\t\t<div class=\"elementor-column elementor-col-100 elementor-top-column elementor-element elementor-element-f4510fb\" data-id=\"f4510fb\" data-element_type=\"column\" data-e-type=\"column\">\n\t\t\t<div class=\"elementor-widget-wrap elementor-element-populated\">\n\t\t\t\t\t\t<div class=\"elementor-element elementor-element-8498af3 elementor-widget elementor-widget-text-editor\" data-id=\"8498af3\" data-element_type=\"widget\" data-e-type=\"widget\" data-widget_type=\"text-editor.default\">\n\t\t\t\t<div class=\"elementor-widget-container\">\n\t\t\t\t\t\t\t\t\t<p><strong>Das Lager Archiv des Heimatvereines Sachsenhagen-Auhagen e.V.<\/strong><\/p><p>Das Lager Archiv befindet sich im Obergescho\u00df des Ratskellers. Dort sind viele interessante Gegenst\u00e4nde und Dokumente gelagert. Eine kleine Bibliothek mit B\u00fcchern, Fotos und Urkunden zur Geschichte erg\u00e4nzt die Sammlung. Diese Sammlung wird einmal die Basis f\u00fcr ein heimatkundliches Museum in Sachsenhagen.<\/p><p>Viele B\u00fcrger von Sachsenhagen und Auhagen haben in den letzten Jahren interessante Objekte dem Heimatverein gegeben. Das Lager Archiv dient auch zur Entnahme von Objekten zu den Ausstellungen zu verschiedenen Themen.<\/p><p>Der Heimatverein nimmt gerne ihre Objekte, Dokumente und Bilder in Augenschein und w\u00fcrde sich freuen, wenn sie diese ihm f\u00fcr kommende Generationen \u00fcberlassen.<\/p><figure id=\"attachment_1010\" aria-describedby=\"caption-attachment-1010\" style=\"width: 1024px\" class=\"wp-caption aligncenter\"><img fetchpriority=\"high\" decoding=\"async\" data-attachment-id=\"1010\" data-permalink=\"https:\/\/www.heimatverein-sachsenhagen.de\/wordpress\/ratskeller-sachsenhagen-k\/\" data-orig-file=\"https:\/\/www.heimatverein-sachsenhagen.de\/wordpress\/wp-content\/uploads\/2020\/04\/Ratskeller-Sachsenhagen-k.jpg\" data-orig-size=\"1295,864\" data-comments-opened=\"1\" data-image-meta=\"{&quot;aperture&quot;:&quot;0&quot;,&quot;credit&quot;:&quot;&quot;,&quot;camera&quot;:&quot;&quot;,&quot;caption&quot;:&quot;&quot;,&quot;created_timestamp&quot;:&quot;0&quot;,&quot;copyright&quot;:&quot;&quot;,&quot;focal_length&quot;:&quot;0&quot;,&quot;iso&quot;:&quot;0&quot;,&quot;shutter_speed&quot;:&quot;0&quot;,&quot;title&quot;:&quot;&quot;,&quot;orientation&quot;:&quot;0&quot;}\" data-image-title=\"Ratskeller Sachsenhagen k\" data-image-description=\"\" data-image-caption=\"&lt;p&gt;Ratskeller Sachsenhagen &lt;\/p&gt;\n\" data-large-file=\"https:\/\/www.heimatverein-sachsenhagen.de\/wordpress\/wp-content\/uploads\/2020\/04\/Ratskeller-Sachsenhagen-k-1024x683.jpg\" class=\"wp-image-1010 size-large\" src=\"https:\/\/www.heimatverein-sachsenhagen.de\/wordpress\/wp-content\/uploads\/2020\/04\/Ratskeller-Sachsenhagen-k-1024x683.jpg\" alt=\"\" width=\"1024\" height=\"683\" srcset=\"https:\/\/www.heimatverein-sachsenhagen.de\/wordpress\/wp-content\/uploads\/2020\/04\/Ratskeller-Sachsenhagen-k-1024x683.jpg 1024w, https:\/\/www.heimatverein-sachsenhagen.de\/wordpress\/wp-content\/uploads\/2020\/04\/Ratskeller-Sachsenhagen-k-300x200.jpg 300w, https:\/\/www.heimatverein-sachsenhagen.de\/wordpress\/wp-content\/uploads\/2020\/04\/Ratskeller-Sachsenhagen-k-768x512.jpg 768w, https:\/\/www.heimatverein-sachsenhagen.de\/wordpress\/wp-content\/uploads\/2020\/04\/Ratskeller-Sachsenhagen-k.jpg 1295w\" sizes=\"(max-width: 1024px) 100vw, 1024px\" \/><figcaption id=\"caption-attachment-1010\" class=\"wp-caption-text\">Ratskeller Sachsenhagen<\/figcaption><\/figure>\t\t\t\t\t\t\t\t<\/div>\n\t\t\t\t<\/div>\n\t\t\t\t\t<\/div>\n\t\t<\/div>\n\t\t\t\t\t<\/div>\n\t\t<\/section>\n\t\t\t\t<\/div>\n\t\t","protected":false},"excerpt":{"rendered":"<p>Das Lager Archiv des Heimatvereines Sachsenhagen-Auhagen e.V. Das Lager Archiv befindet sich im Obergescho\u00df des Ratskellers. Dort sind viele interessante Gegenst\u00e4nde und Dokumente gelagert. Eine kleine Bibliothek mit B\u00fcchern, Fotos und Urkunden zur Geschichte erg\u00e4nzt die Sammlung. Diese Sammlung wird einmal die Basis f\u00fcr ein heimatkundliches Museum in Sachsenhagen. Viele B\u00fcrger von Sachsenhagen und Auhagen [&hellip;]<\/p>\n","protected":false},"author":1,"featured_media":0,"parent":0,"menu_order":0,"comment_status":"closed","ping_status":"closed","template":"","meta":{"ocean_post_layout":"full-screen","ocean_both_sidebars_style":"","ocean_both_sidebars_content_width":0,"ocean_both_sidebars_sidebars_width":0,"ocean_sidebar":"0","ocean_second_sidebar":"0","ocean_disable_margins":"enable","ocean_add_body_class":"","ocean_shortcode_before_top_bar":"","ocean_shortcode_after_top_bar":"","ocean_shortcode_before_header":"","ocean_shortcode_after_header":"","ocean_has_shortcode":"","ocean_shortcode_after_title":"","ocean_shortcode_before_footer_widgets":"","ocean_shortcode_after_footer_widgets":"","ocean_shortcode_before_footer_bottom":"","ocean_shortcode_after_footer_bottom":"","ocean_display_top_bar":"default","ocean_display_header":"default","ocean_header_style":"","ocean_center_header_left_menu":"0","ocean_custom_header_template":"0","ocean_custom_logo":0,"ocean_custom_retina_logo":0,"ocean_custom_logo_max_width":0,"ocean_custom_logo_tablet_max_width":0,"ocean_custom_logo_mobile_max_width":0,"ocean_custom_logo_max_height":0,"ocean_custom_logo_tablet_max_height":0,"ocean_custom_logo_mobile_max_height":0,"ocean_header_custom_menu":"0","ocean_menu_typo_font_family":"0","ocean_menu_typo_font_subset":"","ocean_menu_typo_font_size":0,"ocean_menu_typo_font_size_tablet":0,"ocean_menu_typo_font_size_mobile":0,"ocean_menu_typo_font_size_unit":"px","ocean_menu_typo_font_weight":"","ocean_menu_typo_font_weight_tablet":"","ocean_menu_typo_font_weight_mobile":"","ocean_menu_typo_transform":"","ocean_menu_typo_transform_tablet":"","ocean_menu_typo_transform_mobile":"","ocean_menu_typo_line_height":0,"ocean_menu_typo_line_height_tablet":0,"ocean_menu_typo_line_height_mobile":0,"ocean_menu_typo_line_height_unit":"","ocean_menu_typo_spacing":0,"ocean_menu_typo_spacing_tablet":0,"ocean_menu_typo_spacing_mobile":0,"ocean_menu_typo_spacing_unit":"","ocean_menu_link_color":"","ocean_menu_link_color_hover":"","ocean_menu_link_color_active":"","ocean_menu_link_background":"","ocean_menu_link_hover_background":"","ocean_menu_link_active_background":"","ocean_menu_social_links_bg":"","ocean_menu_social_hover_links_bg":"","ocean_menu_social_links_color":"","ocean_menu_social_hover_links_color":"","ocean_disable_title":"default","ocean_disable_heading":"default","ocean_post_title":"","ocean_post_subheading":"","ocean_post_title_style":"","ocean_post_title_background_color":"","ocean_post_title_background":0,"ocean_post_title_bg_image_position":"","ocean_post_title_bg_image_attachment":"","ocean_post_title_bg_image_repeat":"","ocean_post_title_bg_image_size":"","ocean_post_title_height":0,"ocean_post_title_bg_overlay":0.5,"ocean_post_title_bg_overlay_color":"","ocean_disable_breadcrumbs":"default","ocean_breadcrumbs_color":"","ocean_breadcrumbs_separator_color":"","ocean_breadcrumbs_links_color":"","ocean_breadcrumbs_links_hover_color":"","ocean_display_footer_widgets":"default","ocean_display_footer_bottom":"default","ocean_custom_footer_template":"0","jetpack_post_was_ever_published":false,"footnotes":""},"class_list":["post-50","page","type-page","status-publish","hentry","entry"],"yoast_head":"<!-- This site is optimized with the Yoast SEO plugin v27.4 - https:\/\/yoast.com\/product\/yoast-seo-wordpress\/ -->\n<title>Lager\/Archiv - Heimatverein Sachsenhagen Auhagen<\/title>\n<meta name=\"robots\" content=\"index, follow, max-snippet:-1, max-image-preview:large, max-video-preview:-1\" \/>\n<link rel=\"canonical\" href=\"https:\/\/www.heimatverein-sachsenhagen.de\/wordpress\/index.php\/lager-archiv\/\" \/>\n<meta property=\"og:locale\" content=\"de_DE\" \/>\n<meta property=\"og:type\" content=\"article\" \/>\n<meta property=\"og:title\" content=\"Lager\/Archiv - Heimatverein Sachsenhagen Auhagen\" \/>\n<meta property=\"og:description\" content=\"Das Lager Archiv des Heimatvereines Sachsenhagen-Auhagen e.V. Das Lager Archiv befindet sich im Obergescho\u00df des Ratskellers. Dort sind viele interessante Gegenst\u00e4nde und Dokumente gelagert. Eine kleine Bibliothek mit B\u00fcchern, Fotos und Urkunden zur Geschichte erg\u00e4nzt die Sammlung. Diese Sammlung wird einmal die Basis f\u00fcr ein heimatkundliches Museum in Sachsenhagen. Viele B\u00fcrger von Sachsenhagen und Auhagen [&hellip;]\" \/>\n<meta property=\"og:url\" content=\"https:\/\/www.heimatverein-sachsenhagen.de\/wordpress\/index.php\/lager-archiv\/\" \/>\n<meta property=\"og:site_name\" content=\"Heimatverein Sachsenhagen Auhagen\" \/>\n<meta property=\"article:modified_time\" content=\"2020-04-11T14:48:30+00:00\" \/>\n<meta property=\"og:image\" content=\"https:\/\/www.heimatverein-sachsenhagen.de\/wordpress\/wp-content\/uploads\/2020\/04\/Ratskeller-Sachsenhagen-k-1024x683.jpg\" \/>\n<meta name=\"twitter:card\" content=\"summary_large_image\" \/>\n<meta name=\"twitter:label1\" content=\"Gesch\u00e4tzte Lesezeit\" \/>\n\t<meta name=\"twitter:data1\" content=\"1\u00a0Minute\" \/>\n<script type=\"application\/ld+json\" class=\"yoast-schema-graph\">{\"@context\":\"https:\\\/\\\/schema.org\",\"@graph\":[{\"@type\":\"WebPage\",\"@id\":\"https:\\\/\\\/www.heimatverein-sachsenhagen.de\\\/wordpress\\\/index.php\\\/lager-archiv\\\/\",\"url\":\"https:\\\/\\\/www.heimatverein-sachsenhagen.de\\\/wordpress\\\/index.php\\\/lager-archiv\\\/\",\"name\":\"Lager\\\/Archiv - Heimatverein Sachsenhagen Auhagen\",\"isPartOf\":{\"@id\":\"https:\\\/\\\/www.heimatverein-sachsenhagen.de\\\/wordpress\\\/#website\"},\"primaryImageOfPage\":{\"@id\":\"https:\\\/\\\/www.heimatverein-sachsenhagen.de\\\/wordpress\\\/index.php\\\/lager-archiv\\\/#primaryimage\"},\"image\":{\"@id\":\"https:\\\/\\\/www.heimatverein-sachsenhagen.de\\\/wordpress\\\/index.php\\\/lager-archiv\\\/#primaryimage\"},\"thumbnailUrl\":\"https:\\\/\\\/www.heimatverein-sachsenhagen.de\\\/wordpress\\\/wp-content\\\/uploads\\\/2020\\\/04\\\/Ratskeller-Sachsenhagen-k-1024x683.jpg\",\"datePublished\":\"2019-01-13T17:19:17+00:00\",\"dateModified\":\"2020-04-11T14:48:30+00:00\",\"breadcrumb\":{\"@id\":\"https:\\\/\\\/www.heimatverein-sachsenhagen.de\\\/wordpress\\\/index.php\\\/lager-archiv\\\/#breadcrumb\"},\"inLanguage\":\"de\",\"potentialAction\":[{\"@type\":\"ReadAction\",\"target\":[\"https:\\\/\\\/www.heimatverein-sachsenhagen.de\\\/wordpress\\\/index.php\\\/lager-archiv\\\/\"]}]},{\"@type\":\"ImageObject\",\"inLanguage\":\"de\",\"@id\":\"https:\\\/\\\/www.heimatverein-sachsenhagen.de\\\/wordpress\\\/index.php\\\/lager-archiv\\\/#primaryimage\",\"url\":\"https:\\\/\\\/www.heimatverein-sachsenhagen.de\\\/wordpress\\\/wp-content\\\/uploads\\\/2020\\\/04\\\/Ratskeller-Sachsenhagen-k.jpg\",\"contentUrl\":\"https:\\\/\\\/www.heimatverein-sachsenhagen.de\\\/wordpress\\\/wp-content\\\/uploads\\\/2020\\\/04\\\/Ratskeller-Sachsenhagen-k.jpg\",\"width\":1295,\"height\":864,\"caption\":\"Ratskeller Sachsenhagen\"},{\"@type\":\"BreadcrumbList\",\"@id\":\"https:\\\/\\\/www.heimatverein-sachsenhagen.de\\\/wordpress\\\/index.php\\\/lager-archiv\\\/#breadcrumb\",\"itemListElement\":[{\"@type\":\"ListItem\",\"position\":1,\"name\":\"Home\",\"item\":\"https:\\\/\\\/www.heimatverein-sachsenhagen.de\\\/wordpress\\\/\"},{\"@type\":\"ListItem\",\"position\":2,\"name\":\"Lager\\\/Archiv\"}]},{\"@type\":\"WebSite\",\"@id\":\"https:\\\/\\\/www.heimatverein-sachsenhagen.de\\\/wordpress\\\/#website\",\"url\":\"https:\\\/\\\/www.heimatverein-sachsenhagen.de\\\/wordpress\\\/\",\"name\":\"Heimatverein Sachsenhagen Auhagen\",\"description\":\"Heimat ist Leben\",\"publisher\":{\"@id\":\"https:\\\/\\\/www.heimatverein-sachsenhagen.de\\\/wordpress\\\/#organization\"},\"potentialAction\":[{\"@type\":\"SearchAction\",\"target\":{\"@type\":\"EntryPoint\",\"urlTemplate\":\"https:\\\/\\\/www.heimatverein-sachsenhagen.de\\\/wordpress\\\/?s={search_term_string}\"},\"query-input\":{\"@type\":\"PropertyValueSpecification\",\"valueRequired\":true,\"valueName\":\"search_term_string\"}}],\"inLanguage\":\"de\"},{\"@type\":\"Organization\",\"@id\":\"https:\\\/\\\/www.heimatverein-sachsenhagen.de\\\/wordpress\\\/#organization\",\"name\":\"Heimatverein Sachsenhagen Auhagen\",\"url\":\"https:\\\/\\\/www.heimatverein-sachsenhagen.de\\\/wordpress\\\/\",\"logo\":{\"@type\":\"ImageObject\",\"inLanguage\":\"de\",\"@id\":\"https:\\\/\\\/www.heimatverein-sachsenhagen.de\\\/wordpress\\\/#\\\/schema\\\/logo\\\/image\\\/\",\"url\":\"https:\\\/\\\/www.heimatverein-sachsenhagen.de\\\/wordpress\\\/wp-content\\\/uploads\\\/2020\\\/05\\\/cropped-Logo-neu-Mai-2020.jpg\",\"contentUrl\":\"https:\\\/\\\/www.heimatverein-sachsenhagen.de\\\/wordpress\\\/wp-content\\\/uploads\\\/2020\\\/05\\\/cropped-Logo-neu-Mai-2020.jpg\",\"width\":1280,\"height\":363,\"caption\":\"Heimatverein Sachsenhagen Auhagen\"},\"image\":{\"@id\":\"https:\\\/\\\/www.heimatverein-sachsenhagen.de\\\/wordpress\\\/#\\\/schema\\\/logo\\\/image\\\/\"}}]}<\/script>\n<!-- \/ Yoast SEO plugin. -->","yoast_head_json":{"title":"Lager\/Archiv - Heimatverein Sachsenhagen Auhagen","robots":{"index":"index","follow":"follow","max-snippet":"max-snippet:-1","max-image-preview":"max-image-preview:large","max-video-preview":"max-video-preview:-1"},"canonical":"https:\/\/www.heimatverein-sachsenhagen.de\/wordpress\/index.php\/lager-archiv\/","og_locale":"de_DE","og_type":"article","og_title":"Lager\/Archiv - Heimatverein Sachsenhagen Auhagen","og_description":"Das Lager Archiv des Heimatvereines Sachsenhagen-Auhagen e.V. Das Lager Archiv befindet sich im Obergescho\u00df des Ratskellers. Dort sind viele interessante Gegenst\u00e4nde und Dokumente gelagert. Eine kleine Bibliothek mit B\u00fcchern, Fotos und Urkunden zur Geschichte erg\u00e4nzt die Sammlung. Diese Sammlung wird einmal die Basis f\u00fcr ein heimatkundliches Museum in Sachsenhagen. Viele B\u00fcrger von Sachsenhagen und Auhagen [&hellip;]","og_url":"https:\/\/www.heimatverein-sachsenhagen.de\/wordpress\/index.php\/lager-archiv\/","og_site_name":"Heimatverein Sachsenhagen Auhagen","article_modified_time":"2020-04-11T14:48:30+00:00","og_image":[{"url":"https:\/\/www.heimatverein-sachsenhagen.de\/wordpress\/wp-content\/uploads\/2020\/04\/Ratskeller-Sachsenhagen-k-1024x683.jpg","type":"","width":"","height":""}],"twitter_card":"summary_large_image","twitter_misc":{"Gesch\u00e4tzte Lesezeit":"1\u00a0Minute"},"schema":{"@context":"https:\/\/schema.org","@graph":[{"@type":"WebPage","@id":"https:\/\/www.heimatverein-sachsenhagen.de\/wordpress\/index.php\/lager-archiv\/","url":"https:\/\/www.heimatverein-sachsenhagen.de\/wordpress\/index.php\/lager-archiv\/","name":"Lager\/Archiv - Heimatverein Sachsenhagen Auhagen","isPartOf":{"@id":"https:\/\/www.heimatverein-sachsenhagen.de\/wordpress\/#website"},"primaryImageOfPage":{"@id":"https:\/\/www.heimatverein-sachsenhagen.de\/wordpress\/index.php\/lager-archiv\/#primaryimage"},"image":{"@id":"https:\/\/www.heimatverein-sachsenhagen.de\/wordpress\/index.php\/lager-archiv\/#primaryimage"},"thumbnailUrl":"https:\/\/www.heimatverein-sachsenhagen.de\/wordpress\/wp-content\/uploads\/2020\/04\/Ratskeller-Sachsenhagen-k-1024x683.jpg","datePublished":"2019-01-13T17:19:17+00:00","dateModified":"2020-04-11T14:48:30+00:00","breadcrumb":{"@id":"https:\/\/www.heimatverein-sachsenhagen.de\/wordpress\/index.php\/lager-archiv\/#breadcrumb"},"inLanguage":"de","potentialAction":[{"@type":"ReadAction","target":["https:\/\/www.heimatverein-sachsenhagen.de\/wordpress\/index.php\/lager-archiv\/"]}]},{"@type":"ImageObject","inLanguage":"de","@id":"https:\/\/www.heimatverein-sachsenhagen.de\/wordpress\/index.php\/lager-archiv\/#primaryimage","url":"https:\/\/www.heimatverein-sachsenhagen.de\/wordpress\/wp-content\/uploads\/2020\/04\/Ratskeller-Sachsenhagen-k.jpg","contentUrl":"https:\/\/www.heimatverein-sachsenhagen.de\/wordpress\/wp-content\/uploads\/2020\/04\/Ratskeller-Sachsenhagen-k.jpg","width":1295,"height":864,"caption":"Ratskeller Sachsenhagen"},{"@type":"BreadcrumbList","@id":"https:\/\/www.heimatverein-sachsenhagen.de\/wordpress\/index.php\/lager-archiv\/#breadcrumb","itemListElement":[{"@type":"ListItem","position":1,"name":"Home","item":"https:\/\/www.heimatverein-sachsenhagen.de\/wordpress\/"},{"@type":"ListItem","position":2,"name":"Lager\/Archiv"}]},{"@type":"WebSite","@id":"https:\/\/www.heimatverein-sachsenhagen.de\/wordpress\/#website","url":"https:\/\/www.heimatverein-sachsenhagen.de\/wordpress\/","name":"Heimatverein Sachsenhagen Auhagen","description":"Heimat ist Leben","publisher":{"@id":"https:\/\/www.heimatverein-sachsenhagen.de\/wordpress\/#organization"},"potentialAction":[{"@type":"SearchAction","target":{"@type":"EntryPoint","urlTemplate":"https:\/\/www.heimatverein-sachsenhagen.de\/wordpress\/?s={search_term_string}"},"query-input":{"@type":"PropertyValueSpecification","valueRequired":true,"valueName":"search_term_string"}}],"inLanguage":"de"},{"@type":"Organization","@id":"https:\/\/www.heimatverein-sachsenhagen.de\/wordpress\/#organization","name":"Heimatverein Sachsenhagen Auhagen","url":"https:\/\/www.heimatverein-sachsenhagen.de\/wordpress\/","logo":{"@type":"ImageObject","inLanguage":"de","@id":"https:\/\/www.heimatverein-sachsenhagen.de\/wordpress\/#\/schema\/logo\/image\/","url":"https:\/\/www.heimatverein-sachsenhagen.de\/wordpress\/wp-content\/uploads\/2020\/05\/cropped-Logo-neu-Mai-2020.jpg","contentUrl":"https:\/\/www.heimatverein-sachsenhagen.de\/wordpress\/wp-content\/uploads\/2020\/05\/cropped-Logo-neu-Mai-2020.jpg","width":1280,"height":363,"caption":"Heimatverein Sachsenhagen Auhagen"},"image":{"@id":"https:\/\/www.heimatverein-sachsenhagen.de\/wordpress\/#\/schema\/logo\/image\/"}}]}},"jetpack_sharing_enabled":true,"jetpack-related-posts":[{"id":67,"url":"https:\/\/www.heimatverein-sachsenhagen.de\/wordpress\/index.php\/literatur\/","url_meta":{"origin":50,"position":0},"title":"Literatur","author":"theo","date":"2019-01-13","format":false,"excerpt":"Literatur des Heimatverein Sachsenhagen-Auhagen Der Heimatverein hat in seinem Archiv eine umfangreiche Sammlung zur Literatur \u00fcber den Landkreis, der Samtgemeinde und der Gemeinden Sachsenhagen und Auhagen. Wir haben Ihnen eine kleine Auswahl zum Herunterladen zusammengestellt. Der Umfang wird laufend erg\u00e4nzt. Falls auch Sie alte Unterlagen, Urkunden und B\u00fccher heimatkundlichen oder\u2026","rel":"","context":"\u00c4hnlicher Beitrag","block_context":{"text":"\u00c4hnlicher Beitrag","link":""},"img":{"alt_text":"","src":"","width":0,"height":0},"classes":[]},{"id":16,"url":"https:\/\/www.heimatverein-sachsenhagen.de\/wordpress\/","url_meta":{"origin":50,"position":1},"title":"Start","author":"theo","date":"2019-01-13","format":false,"excerpt":"Markt Sachsenhagen Schlo\u00dfwiese, links Zeughaus, mitte Schlossturm, rechts Amthaus Der Heimatverein Sachsenhagen-Auhagen Seit 1982 besteht der\u00a0 Heimatverein Sachsenhagen-Auhagen. Die Zielsetzungen des Vereines sind Kultur- und Denkmalpflege, Interesse wecken f\u00fcr die Heimat- und Altertumskunde, Pflege des heimatlichen Brauchtums, Aufarbeitung der Ortsgeschichte, Umwelt-, Landschafts- und Denkmalschutz und die Mitwirkung an der Stadtentwicklung.\u2026","rel":"","context":"\u00c4hnlicher Beitrag","block_context":{"text":"\u00c4hnlicher Beitrag","link":""},"img":{"alt_text":"","src":"https:\/\/i0.wp.com\/www.heimatverein-sachsenhagen.de\/wordpress\/wp-content\/uploads\/2019\/01\/Ortsblick_auf_den_Marktplatz_in_Sachsenhagen_IMG_5353WIKI-1024x682.jpg?resize=350%2C200&ssl=1","width":350,"height":200,"srcset":"https:\/\/i0.wp.com\/www.heimatverein-sachsenhagen.de\/wordpress\/wp-content\/uploads\/2019\/01\/Ortsblick_auf_den_Marktplatz_in_Sachsenhagen_IMG_5353WIKI-1024x682.jpg?resize=350%2C200&ssl=1 1x, https:\/\/i0.wp.com\/www.heimatverein-sachsenhagen.de\/wordpress\/wp-content\/uploads\/2019\/01\/Ortsblick_auf_den_Marktplatz_in_Sachsenhagen_IMG_5353WIKI-1024x682.jpg?resize=525%2C300&ssl=1 1.5x, https:\/\/i0.wp.com\/www.heimatverein-sachsenhagen.de\/wordpress\/wp-content\/uploads\/2019\/01\/Ortsblick_auf_den_Marktplatz_in_Sachsenhagen_IMG_5353WIKI-1024x682.jpg?resize=700%2C400&ssl=1 2x"},"classes":[]},{"id":56,"url":"https:\/\/www.heimatverein-sachsenhagen.de\/wordpress\/index.php\/hauschronik\/","url_meta":{"origin":50,"position":2},"title":"Hauschronik","author":"theo","date":"2019-01-13","format":false,"excerpt":"\"Haus-Archiv der Stadt Sachsenhagen\" Band I und II, Das Haus-Archiv ist erstellt etwa von 1950 bis 1955 von Albert St\u00fcnkel, Kaufmann, wohnhaft Markt 10, aus Quellen des Stadt- und Kirchenarchives. Es handelt sich um private Aufzeichnungen. Die Bl\u00e4tter sind mit Schreibmaschine geschrieben. Die \u00e4ltesten Hausdaten etwa sind ab 1600 bis\u2026","rel":"","context":"\u00c4hnlicher Beitrag","block_context":{"text":"\u00c4hnlicher Beitrag","link":""},"img":{"alt_text":"","src":"https:\/\/i0.wp.com\/www.heimatverein-sachsenhagen.de\/wordpress\/wp-content\/uploads\/2020\/04\/Hauschronik-000-Markt-1-altes-Rathaus-727x1024.jpg?resize=350%2C200&ssl=1","width":350,"height":200,"srcset":"https:\/\/i0.wp.com\/www.heimatverein-sachsenhagen.de\/wordpress\/wp-content\/uploads\/2020\/04\/Hauschronik-000-Markt-1-altes-Rathaus-727x1024.jpg?resize=350%2C200&ssl=1 1x, https:\/\/i0.wp.com\/www.heimatverein-sachsenhagen.de\/wordpress\/wp-content\/uploads\/2020\/04\/Hauschronik-000-Markt-1-altes-Rathaus-727x1024.jpg?resize=525%2C300&ssl=1 1.5x, https:\/\/i0.wp.com\/www.heimatverein-sachsenhagen.de\/wordpress\/wp-content\/uploads\/2020\/04\/Hauschronik-000-Markt-1-altes-Rathaus-727x1024.jpg?resize=700%2C400&ssl=1 2x"},"classes":[]},{"id":1502,"url":"https:\/\/www.heimatverein-sachsenhagen.de\/wordpress\/index.php\/wildtierstation\/","url_meta":{"origin":50,"position":3},"title":"Wildtierstation","author":"theo","date":"2020-05-14","format":false,"excerpt":"Geschichte der Wildtier- und Artenschutzstation Sachsenhagen Einf\u00fchrung und Kurzfassung: Die Wildtier- und Artenschutzstation Sachsenhagen ist weithin bekannt und ein \u201eAush\u00e4ngeschild\u201c f\u00fcr Sachsenhagen. Dies veranlasste den Heimatverein, sich einmal mit der Entstehung und der Geschichte dieser Station zu befassen. Rund zwei Kilometer westlich der Stadt liegt der 19,3 ha gro\u00dfe Stadtwald,\u2026","rel":"","context":"\u00c4hnlicher Beitrag","block_context":{"text":"\u00c4hnlicher Beitrag","link":""},"img":{"alt_text":"","src":"https:\/\/i0.wp.com\/www.heimatverein-sachsenhagen.de\/wordpress\/wp-content\/uploads\/2020\/05\/Schulungsraum-Er%C3%B6ffnung.jpg?resize=350%2C200&ssl=1","width":350,"height":200,"srcset":"https:\/\/i0.wp.com\/www.heimatverein-sachsenhagen.de\/wordpress\/wp-content\/uploads\/2020\/05\/Schulungsraum-Er%C3%B6ffnung.jpg?resize=350%2C200&ssl=1 1x, https:\/\/i0.wp.com\/www.heimatverein-sachsenhagen.de\/wordpress\/wp-content\/uploads\/2020\/05\/Schulungsraum-Er%C3%B6ffnung.jpg?resize=525%2C300&ssl=1 1.5x, https:\/\/i0.wp.com\/www.heimatverein-sachsenhagen.de\/wordpress\/wp-content\/uploads\/2020\/05\/Schulungsraum-Er%C3%B6ffnung.jpg?resize=700%2C400&ssl=1 2x"},"classes":[]},{"id":46,"url":"https:\/\/www.heimatverein-sachsenhagen.de\/wordpress\/index.php\/vereinsgeschichte\/","url_meta":{"origin":50,"position":4},"title":"Vereinsgeschichte","author":"theo","date":"2019-01-13","format":false,"excerpt":"Chronik des Heimatvereins Sachsenhagen-Auhagen7. 7. 1947 Ein Heimatverein Sachsenhagen wird erstmalig gegr\u00fcndet. Sp\u00e4ter l\u00f6st sich dieser Verein wieder auf.9. 6. 1976 Der F\u00f6rderkreis zur Schaffung von Sportanlagen an der Mittelpunktschule beschlie\u00dft eine Satzung zur F\u00f6rderung von Sportanlagen und zur Weiterf\u00fchrung der Aufgaben der Initiativgruppe Schule Sachsenhagen. Vorsitzender wird Udo Platz.31.\u2026","rel":"","context":"\u00c4hnlicher Beitrag","block_context":{"text":"\u00c4hnlicher Beitrag","link":""},"img":{"alt_text":"","src":"","width":0,"height":0},"classes":[]},{"id":52,"url":"https:\/\/www.heimatverein-sachsenhagen.de\/wordpress\/index.php\/geschichte\/","url_meta":{"origin":50,"position":5},"title":"Geschichte","author":"theo","date":"2019-01-13","format":false,"excerpt":"Einf\u00fchrung zur Siedlungsgeschichte und Landschaft Sachsenhagens Im Anfang war der Wald. Er bestimmte den Verlauf der gesamten \u00e4lteren Siedlungsgeschichte. Inselhaft klein sind zun\u00e4chst die Felder und Hofstellen. Erst die Zeit der gro\u00dfen Rodungen im 13. Jahrhundert bringt die Ausweitung der Ackerfl\u00e4chen, aber noch lange beherrscht der Wald das Landschaftsbild. Die\u2026","rel":"","context":"\u00c4hnlicher Beitrag","block_context":{"text":"\u00c4hnlicher Beitrag","link":""},"img":{"alt_text":"","src":"https:\/\/i0.wp.com\/www.heimatverein-sachsenhagen.de\/wordpress\/wp-content\/uploads\/2020\/05\/D%C3%BClwald2-768x827.jpg?resize=350%2C200&ssl=1","width":350,"height":200,"srcset":"https:\/\/i0.wp.com\/www.heimatverein-sachsenhagen.de\/wordpress\/wp-content\/uploads\/2020\/05\/D%C3%BClwald2-768x827.jpg?resize=350%2C200&ssl=1 1x, https:\/\/i0.wp.com\/www.heimatverein-sachsenhagen.de\/wordpress\/wp-content\/uploads\/2020\/05\/D%C3%BClwald2-768x827.jpg?resize=525%2C300&ssl=1 1.5x, https:\/\/i0.wp.com\/www.heimatverein-sachsenhagen.de\/wordpress\/wp-content\/uploads\/2020\/05\/D%C3%BClwald2-768x827.jpg?resize=700%2C400&ssl=1 2x"},"classes":[]}],"_links":{"self":[{"href":"https:\/\/www.heimatverein-sachsenhagen.de\/wordpress\/index.php\/wp-json\/wp\/v2\/pages\/50","targetHints":{"allow":["GET"]}}],"collection":[{"href":"https:\/\/www.heimatverein-sachsenhagen.de\/wordpress\/index.php\/wp-json\/wp\/v2\/pages"}],"about":[{"href":"https:\/\/www.heimatverein-sachsenhagen.de\/wordpress\/index.php\/wp-json\/wp\/v2\/types\/page"}],"author":[{"embeddable":true,"href":"https:\/\/www.heimatverein-sachsenhagen.de\/wordpress\/index.php\/wp-json\/wp\/v2\/users\/1"}],"replies":[{"embeddable":true,"href":"https:\/\/www.heimatverein-sachsenhagen.de\/wordpress\/index.php\/wp-json\/wp\/v2\/comments?post=50"}],"version-history":[{"count":5,"href":"https:\/\/www.heimatverein-sachsenhagen.de\/wordpress\/index.php\/wp-json\/wp\/v2\/pages\/50\/revisions"}],"predecessor-version":[{"id":1015,"href":"https:\/\/www.heimatverein-sachsenhagen.de\/wordpress\/index.php\/wp-json\/wp\/v2\/pages\/50\/revisions\/1015"}],"wp:attachment":[{"href":"https:\/\/www.heimatverein-sachsenhagen.de\/wordpress\/index.php\/wp-json\/wp\/v2\/media?parent=50"}],"curies":[{"name":"wp","href":"https:\/\/api.w.org\/{rel}","templated":true}]}}